ppose -79 = 5*d - 4*x, 0 = -3*d - 2*d + 5*x - 80. Determine c(d).
-13
Let n(x) = 64*x + 17*x**3 - 62*x - 1 + 1 - 14*x**3 + 11*x**2 - 3. Determine n(-3).
9
Let v(z) = -z. Let y(s) = -3*s - 20. Let r(b) = 2*v(b) - y(b). Suppose 4*x = u - 185 + 206, 7*u - x = -93. Calculate r(u).
7
Let p(o) = -o**3 - 17*o**2 + 18*o + 5. Suppose -2*j + 2*c = 34, 199*c - 59 = 3*j + 204*c. Calculate p(j).
5
Suppose -79 = 25*l - 104. Let c(k) be the second derivative of 1/6*k**3 + 0*k**4 + 0*k**2 - 2/5*k**5 - k + 0. Calculate c(l).
-7
Let v(c) be the first derivative of 13*c**2/2 - 5*c + 1879. Calculate v(-1).
-18
Let w(b) = 4*b + 17. Let c be ((-1)/(-1))/(2/4). Suppose -4*f = -3*h - 38, -3*h - 20 = 2*h + c*f. Calculate w(h).
-7
Let d(y) = 11 - 180090*y - 18 + 180099*y. Determine d(4).
29
Let j be (20/(-3))/((-840)/(-630)*1/(-4)). Let w(y) = 5*y - 18. Determine w(j).
82
Let a(o) = o**2 - o - 1. Let h be a(4). Let g(n) = h - n + 12 - 23. Determine g(7).
-7
Let t(n) be the first derivative of n**2/2 - 7*n - 1293. Suppose -8 = -2*k + 4. Give t(k).
-1
Suppose -30 = -54*i + 60*i. Let d(p) be the first derivative of 11 - 4*p + 2*p**2 + 1/3*p**3. Determine d(i).
1
Let y(v) = -7*v**3 + 4*v**2 - 10*v + 10. Let c(a) = -5*a**3 + 6*a**2 - 10*a + 7. Let z(l) = 4*c(l) - 3*y(l). What is z(-13)?
-41
Suppose 52*b + 2336 = 198*b. Let k(i) = i**2 - 11*i - 24. Calculate k(b).
56
Let m(b) = 28*b**3 - 5*b**2 - 10*b + 5. Let r(f) = -13*f**3 + 2*f**2 + 5*f - 2. Let j be ((-6)/((-48)/26))/(3/(-12)). Let n(o) = j*r(o) - 6*m(o). What is n(-5)?
-4
Let g(w) = -14955*w**2 - 111 + 14953*w**2 - 58*w + 8. What is g(-27)?
5
Let m(a) = -a**3 - 25*a**2 + 26*a - 17. Let y be (-4)/22 + 7952/(-462)*(-42)/(-28). What is m(y)?
-17
Let w(m) = -m**3 - m**2 - 4. Let b be (-1)/(-3) - 8/(-3). Suppose 0*k - 312 = -b*k - 4*v, 2*v - 416 = -4*k. Let l = -104 + k. Give w(l).
-4
Suppose 0*g = 3*g + 2 - 11. Let u(f) = -2*f - 3*f**2 - 3*f**3 + 1 + 2*f**2 + 4*f**3. Give u(g).
13
Let o(k) = -4*k**2 + 3*k - 39. Let w(z) = -7*z**2 + 7*z - 67. Let n(d) = -5*o(d) + 3*w(d). Give n(5).
-1
Let n(l) = -l**3 - 13*l**2 - 12*l - 12. Suppose -12 = -97*y + 98*y. Determine n(y).
-12
Let n(f) = -5*f + 2*f + 5*f - 22. Let y be n(9). Let i(o) = o**2 + 6*o + 5. Let w(m) = -2*m**2 - 12*m - 10. Let q(d) = -11*i(d) - 6*w(d). Calculate q(y).
-3
Let b(a) be the first derivative of 5*a + 1/3*a**3 - 3 - 4*a**2. Let w be -7*6/(-147) - (-33)/7. Determine b(w).
-10
Let l(p) = -p + 71. Let x be l(26). Suppose 20*f + 38 = 17*f + 4*k, 5*f - 3*k = -x. Let q(a) = -5*a - 9. Give q(f).
21
Let n(o) = -3*o**2 + 31*o - 10. Suppose 0 = 2*f + 5*f + f - 80. What is n(f)?
0
Let x(d) be the first derivative of 256 + 26*d - 3/2*d**2. Calculate x(6).
8
Let o(z) be the second derivative of z**4/12 + 5*z**3/6 + 4*z**2 + 482*z. Give o(-3).
2
Let b = 2248 - 2242. Let x(q) = -3*q - 2. Determine x(b).
-20
Let f(x) = x**2 - 7*x + 5. Let r be ((-3)/3)/((-3)/9). Suppose 16 = r*t + 4. Calculate f(t).
-7
Suppose 42*r = 45*r + 3, 0 = 3*l - 5*r + 10. Suppose 0 = -4*g + 1 + 35. Let j(p) = p**3 + 13*p**2 + 2 - g*p**2 + 1 - p - 2. What is j(l)?
-19
Let b(u) = u**3 - 2*u. Let j(l) = -3*l**3 + 10*l**2 - 6*l - 3. Let x(q) = 4*b(q) + j(q). Calculate x(-11).
30
Let a(f) = -9*f + 105 - 3*f + 13*f - 43 - 34. What is a(9)?
37
Let d(v) = 1. Let m(k) = k**3 - 5*k**2 - 9*k + 4. Let i(z) = -4*d(z) - m(z). Suppose -344*f + 727 = -1337. Give i(f).
10
Let w(r) = r**2 + r - 2. Let x(n) = 3*n**3 - 3*n**2 + 3*n + 2. Let b be x(2). Let m be ((-3)/(-4))/((-5)/b). Calculate w(m).
4
Let d be (39/(-12)*-6)/(0 - 21/(-42)). Let i(v) = -v**3 + 41*v**2 - 76*v - 73. Give i(d).
5
Let v(p) be the third derivative of p**5/60 + 7*p**4/24 - 2*p**3/3 + 1873*p**2. Let m(n) = n**2 - 14*n - 8. Let c be m(14). What is v(c)?
4
Suppose 10*g - 5*g = -5. Let j = 2 - g. Let c(u) = 0*u**2 - u**j + 9*u**2 - 4*u - 11*u + 6 + 5*u. Give c(8).
-10
Let m(y) = -y**3 + 8*y + 8*y**2 + 4 - 12*y**2 - 9*y**2 - 18*y. Let r be -214*(-3)/108*-2 - (-38)/(-342). Give m(r).
-20
Let c(f) = -242*f**3 - 4*f**2 - 384*f**3 + 625*f**3 - f - 3 - f. Determine c(-3).
-6
Let f(o) = -3*o**3 - o**2 - 48865 - o + 48867 - 31*o**3. Give f(1).
-34
Let m(d) = 40*d**2 + 24*d + 59. Let n(o) = -53*o**2 - 26*o - 59. Let y(w) = -4*m(w) - 3*n(w). Calculate y(-14).
-3
Let r(o) be the third derivative of -3*o**4/4 + 19*o**3/2 - 14*o**2 - 32*o + 3. Determine r(7).
-69
Let s(u) be the second derivative of -u**5/20 - 11*u**4/12 - u**3/6 - 8*u**2 + 1537*u. Calculate s(-11).
-5
Let h(a) = -19*a + 72*a - 27*a - 15*a - 20*a + 152. Calculate h(17).
-1
Suppose 10 - 26 = 2*v + 5*p, -2 = 5*v + 3*p. Suppose 3*x + v*z = x - 44, -5*x - 80 = -z. Let b = x - -16. Let c(t) = -t**2 + t + 1. Determine c(b).
-1
Let n be -7 - (38/190 + 48/10). Let m(i) = i**2 + 8*i - 7. What is m(n)?
41
Let n(z) = z + 8. Let a(l) = 21*l + 6*l - 31*l - 24. Let g(k) = -5*a(k) - 14*n(k). Calculate g(-6).
-28
Let c be (11 - 16)/(2/(-2)). Let o(q) = -q**3 + 3*q**2 + 13*q - 17. Determine o(c).
-2
Let g(y) be the third derivative of -y**4/4 + y**3 + 29*y**2. Let o be g(2). Let h(r) = -2*r + 0*r + r + 1 - 8. Determine h(o).
-1
Let c(o) = 5*o**2 + 14*o - 1. Let h(k) = 2*k + 1. Let t(y) = -9*y**2 - 24*y + 3. Let q(g) = -h(g) + t(g). Let f(w) = -7*c(w) - 4*q(w). Calculate f(-7).
6
Let c(w) be the second derivative of -12*w**2 + 0 + 1/3*w**3 + 213*w. Give c(10).
-4
Let l(n) be the second derivative of n**4/12 - n**3/6 - n**2/2 + 2*n. Let i(z) = -z**2 + 4*z + 17. Let y be i(7). Let u be y + 5 - 4/((-12)/9). Calculate l(u).
11
Let z(j) = -j - 7. Let r(p) = p**2 + 48*p + 81. Let c be r(-54). Let i = -400 + c. Calculate z(i).
-12
Let k(x) = -2*x + 45. Let h be ((-77)/(-6)*177/413)/((-3)/(-12)). What is k(h)?
1
Let r = 9 + -4. Let u(l) = -12*l**2 - l - 2. Let i be u(-1). Let w(o) = -o - 1. Let a(n) = 2*n + 2. Let z(q) = i*w(q) - 6*a(q). Give z(r).
6
Let u(d) = 2*d + 38. Let c be 146/(-10) - (-8)/2*(-5)/50. Give u(c).
8
Let s(u) = u**2 + 7*u - 1. Let t be 1/(-4) - 45/(-12)*-145. Let h = t - -535. Give s(h).
17
Suppose 0 = -5*n + 5 + 15. Suppose z - n*z = 12, z - 254 = -2*g. Let p = g + -125. Let m(b) = b**2 - 3*b - 5. Determine m(p).
-1
Let n(w) = -w - 2. Let s(v) = -v**2 - 7*v + 7. Suppose 8*g = 4*g + 16. Suppose 2*b + 11 = -4*u - 23, 0 = -g*u + b - 31. Let l be s(u). What is n(l)?
-1
Let c(o) = o**2 - 142*o + 285. Let s be c(2). Let q(r) = r**2 - 5*r - 6. Calculate q(s).
-6
Let s(l) = -4*l + 9. Suppose -5*y + 5*m + 1379 = -1056, -5*y = 3*m - 2411. Let h = -473 + y. What is s(h)?
-35
Let g = 122 - 83. Let i = g - 36. Let l(z) = -z + 4*z + 4 - 6*z + 2*z. Determine l(i).
1
Let v(q) = -3*q + 23. Let t(s) = 16*s - 118. Let p(m) = -2*t(m) - 11*v(m). What is p(4)?
-13
Let i(v) = 281*v + 5. Let r be i(0). Let m(s) = 11*s**2 + 21*s - 12. Let g(x) = -5*x**2 - 10*x + 6. Let n(f) = 13*g(f) + 6*m(f). Determine n(r).
11
Let t(z) be the first derivative of 1/3*z**3 + 9/2*z**2 + 42 - z. Calculate t(-11).
21
Let g(y) = -y**3 - 5*y**2. Let a(z) = -z**3 - 8*z**2 + 2*z + 18. Suppose 14*c = 16*c + 16. Let u be a(c). Let v be 1 + 4*(3 + (-9)/u). Determine g(v).
0
Suppose -487*d = -393*d. Let k(j) be the third derivative of -1/12*j**4 + 8*j**2 + j**3 + d*j + 0. Give k(5).
-4
Suppose 102 = -5*m + 22*m. Suppose -4*t - m*h + 7*h - 4 = 0, 2*t = -h - 2. Let y(c) = -12*c**2 - 2*c - 1. What is y(t)?
-11
Let o = -305 - -324. Suppose -o*r = -7*r + 72. Let g(v) = 5*v**2 - 3*v + 3. Let q(b) = -14*b**2 + 10*b - 8. Let d(p) = 17*g(p) + 6*q(p). Calculate d(r).
-15
Let f(a) be the first derivative of -a**3/3 + 7*a**2 - 6*a - 3. Let u be f(13). Let j(b) = 3 + 11*b + b**2 + 5*b - u*b. What is j(-9)?
3
Let c = 873 + -1574. Let i = -695 - c. Let o(v) = -v**2 + 10*v. Determine o(i).
24
Let d(h) = 2*h + 3*h + 3 + 5*h + 3 + 6. Give d(1).
22
Let i(r) = -5*r - 61. Let z(c) = -c - 1. Let s(a) = -i(a) - z(a). Let n be s(-10). Let f(k) = 1 + 134*k - 138*k + 1 - k**n. Calculate f(-5).
-3
Let d(m) be the first derivative of -1/3*m**3 - 5/2*m**2 - 2*m + 4. Determine d(-2).
4
Suppose 5*k - 194 - 36 = 0. Suppose 8*q - 22*q - 574 = 0. Let i = k + q. Let h(p) = -p**2 + 7*p - 6. Calculate h(i).
4
Let v(q) = -14 + 2 - 19*q**3 + q + 3*q + 4*q**3 + 5*q**2 + 14*q**3. Give v(5).
8
Let v(n) be the first derivative of 1/2*n**2 - 1/3*n**3 - 48 - 3*n. Calculate v(0).
-3
Suppose -1